{"id":2,"date":"2009-06-15T12:23:34","date_gmt":"2009-06-15T10:23:34","guid":{"rendered":""},"modified":"2014-11-07T10:33:59","modified_gmt":"2014-11-07T08:33:59","slug":"about","status":"publish","type":"page","link":"https:\/\/granadablogs.com\/gr-arquitectos\/about\/","title":{"rendered":"Sobre este blog"},"content":{"rendered":"<p style=\"text-align: justify\">Acabo de cumplir mi 25\u00ba aniversario como arquitecto y me siento tremendamente afortunado por toda la experiencia que he acumulado durante este periodo, como consecuencia de los numerosos proyectos de arquitectura y de urbanismo en los que he tenido la suerte de intervenir. Con cada uno de ellos he crecido y madurado, pero no solo en conocimientos t\u00e9cnicos, sobretodo en el grado de implicaci\u00f3n colectiva que los arquitectos tenemos que asumir para la mejor construcci\u00f3n de nuestras ciudades y de nuestro mundo.<\/p>\n<p style=\"text-align: justify\">A trav\u00e9s de <strong>GR<\/strong> <em>arquitectos<\/em> , mi estudio, todos los d\u00edas sigo descubriendo que es posible avanzar con un fuerte compromiso social y ambiental. Valorando el papel de la mujer; enriquecido por numerosos compa\u00f1eros con otras especialidades o de otros pa\u00edses; apostando por el hecho cultural; apoyando por igual el desarrollo personal y profesional, etc. Y estoy seguro que con mi cambio de actitud, y con nuestro cambio de actitud, podremos mejorar nuestro entorno social, ya que si bien la soluci\u00f3n no depende solo de nosotros, tambi\u00e9n est\u00e1 en nosotros\u2026<\/p>\n<p style=\"text-align: justify\">Por eso, quiero pensar que durante los \u00faltimos 25 a\u00f1os de mi vida, lo verdaderamente importante han sido las ense\u00f1anzas que de cada uno de los proyectos he recibido, y las vivencias que de cada uno de ellos he tenido. \u00a1Pero durante los \u00faltimos 25 a\u00f1os de mi vida, s\u00f3lo\u00a0 he sido verdaderamente imprescindible cuando mi af\u00e1n por construir un mundo mejor y m\u00e1s justo ha estado ah\u00ed, abri\u00e9ndose paso\u2026! \u00a1Y no pienso esperar otros veinticinco a\u00f1os para volver hacer balance!<\/p>\n<p style=\"text-align: justify\">As\u00ed que ya te he mostrado el por qu\u00e9 de este blog llamado <strong>LA CIUDAD COMPROMETIDA<\/strong> . Ser\u00e1 un espacio de debate sobre la arquitectura comprometida, el territorio comprometido, el paisaje sostenible\u2026 En definitiva, el camino <strong>hacia una ciudad comprometida con la sostenibilidad<\/strong> .<\/p>\n<p style=\"text-align: justify\">Por tanto, se convertir\u00e1 en un espacio a trav\u00e9s del cual no tengamos que esperar m\u00e1s a que sean otros los que cambien\u2026 \u00a1Seremos tu y yo!, \u00a1Todos nosotros! \u00a1Claro que con nuestro cambio de actitud podemos mejorar nuestro entorno social y ayudar a resta\u00f1ar las heridas de nuestro mundo\u2026!<\/p>\n<p style=\"text-align: justify\">\u00bfEn los pr\u00f3ximo d\u00edas? \u00bfEn el pr\u00f3ximo a\u00f1o? <strong>\u00a1A qu\u00e9 esperar m\u00e1s!<\/strong><\/p>\n<p style=\"text-align: justify\"><strong><em><span style=\"color: #0000ff\">El blog de Juan Carlos Garc\u00eda de los Reyes pertenece a la comunidad de bloggers de Ideal.es<\/span> <\/em> <\/strong><\/p>\n<h2 style=\"text-align: justify\">Bienvenidos a mi blog de \u00abLa Ciudad Comprometida\u00bb<\/h2>\n<p><a href=\"http:\/\/granadablogs.com\/gr-arquitectos\/files\/2009\/06\/juan_carlos_garcia_de_los_reyes_en_su_despacho3.jpg\"><img loading=\"lazy\" decoding=\"async\" class=\"size-medium wp-image-18\" src=\"http:\/\/granadablogs.com\/gr-arquitectos\/files\/2009\/06\/juan_carlos_garcia_de_los_reyes_en_su_despacho3-240x300.jpg\" alt=\"En el momento de la firma de un reciente convenio de colaboraci\u00f3n.\/ Archivo GR\" width=\"240\" height=\"300\" \/><\/a><\/p>\n<p class=\"wp-caption-dt\" style=\"text-align: justify\">Acabo de cumplir mi 25\u00ba aniversario como arquitecto y me siento tremendamente afortunado por toda la experiencia que he acumulado durante este periodo, como consecuencia de los numerosos proyectos de arquitectura y de urbanismo en los que he tenido la suerte de intervenir. Con cada uno de ellos he crecido y madurado, pero no solo en conocimientos t\u00e9cnicos, sobretodo en el grado de implicaci\u00f3n colectiva que los arquitectos tenemos que asumir para la mejor construcci\u00f3n de nuestras ciudades y de nuestro mundo.<\/p>\n<p style=\"text-align: justify\"><!--more--> A trav\u00e9s de <strong>GR<\/strong> <em>arquitectos<\/em> , mi estudio, todos los d\u00edas sigo descubriendo que es posible avanzar con un fuerte compromiso social y ambiental. Valorando el papel de la mujer; enriquecido por numerosos compa\u00f1eros con otras especialidades o de otros pa\u00edses; apostando por el hecho cultural; apoyando por igual el desarrollo personal y profesional, etc. Y estoy seguro que con mi cambio de actitud, y con nuestro cambio de actitud, podremos mejorar nuestro entorno social, ya que si bien la soluci\u00f3n no depende solo de nosotros, tambi\u00e9n est\u00e1 en nosotros\u2026<\/p>\n<p style=\"text-align: justify\">Por eso, quiero pensar que durante los \u00faltimos 25 a\u00f1os de mi vida, lo verdaderamente importante han sido las ense\u00f1anzas que de cada uno de los proyectos he recibido, y las vivencias que de cada uno de ellos he tenido. \u00a1Pero durante los \u00faltimos 25 a\u00f1os de mi vida, s\u00f3lo\u00a0 he sido verdaderamente imprescindible cuando mi af\u00e1n por construir un mundo mejor y m\u00e1s justo ha estado ah\u00ed, abri\u00e9ndose paso\u2026! \u00a1Y no pienso esperar otros veinticinco a\u00f1os para volver hacer balance!<\/p>\n<p style=\"text-align: justify\">As\u00ed que ya te he mostrado el por qu\u00e9 de este blog llamado<strong> LA CIUDAD COMPROMETIDA<\/strong> . Ser\u00e1 un espacio de debate sobre la arquitectura comprometida, el territorio comprometido, el paisaje sostenible&#8230; En definitiva, el camino <strong>hacia una ciudad comprometida con la sostenibilidad<\/strong> .<\/p>\n<p style=\"text-align: justify\">Por tanto, se convertir\u00e1 en un espacio a trav\u00e9s del cual no tengamos que esperar m\u00e1s a que sean otros los que cambien\u2026 \u00a1Seremos tu y yo!, \u00a1Todos nosotros! \u00a1Claro que con nuestro cambio de actitud podemos mejorar nuestro entorno social y ayudar a resta\u00f1ar las heridas de nuestro mundo\u2026!<\/p>\n<p style=\"text-align: justify\">\u00bfEn los pr\u00f3ximo d\u00edas? \u00bfEn el pr\u00f3ximo a\u00f1o?<strong> \u00a1A qu\u00e9 esperar m\u00e1s!<\/strong><\/p>\n<h2>\u00a1Gracias a ti, y a miles de amigos!<\/h2>\n<p style=\"text-align: justify\">Acabamos de superar los dos primeros meses de vida de nuestro blog, con una presencia diaria con cada uno de vosotros y demostrando que en esta sociedad hay muchas personas, pero much\u00edsimas, que est\u00e1n comprometidas con la construcci\u00f3n de una <strong><em>Sociedad Comprometida<\/em> <\/strong> ,\u00a0 y que han elegido este humilde, perseverante y riguroso veh\u00edculo para debatir ideas, compartir experiencias, y caminar en ese necesario grado de implicaci\u00f3n colectiva que tenemos que asumir para la mejor construcci\u00f3n de nuestras ciudades y de nuestro mundo.<!--more--><\/p>\n<p><a href=\"http:\/\/granadablogs.com\/gr-arquitectos\/files\/2009\/09\/jcgr.jpg\"><img loading=\"lazy\" decoding=\"async\" class=\"size-medium wp-image-753\" src=\"http:\/\/granadablogs.com\/gr-arquitectos\/files\/2009\/09\/jcgr-258x300.jpg\" alt=\"\u00a1Gracias a ti y a miles de amigos!\" width=\"258\" height=\"300\" \/><\/a><\/p>\n<p style=\"text-align: justify\">Yo, como arquitecto, tengo clara cu\u00e1l ha de ser la funci\u00f3n social que debo prestar por mi profesi\u00f3n; y como ciudadano, tambi\u00e9n tengo claro que mi manera de entender la vida\u00a0 no puede ser diferente de mi manera de ganarme la vida\u2026<br \/>\n\u00bfY qu\u00e9 puedo decir de vosotros, amigos en la red?&#8230; pues que vuestra respuesta ha sido tan comprometida que no cabe sino decir bien fuerte: <strong>\u00a1Gracias a ti, y a miles de amigos, La Ciudad Comprometida empieza a hacerse mayor!&#8230;<\/strong> Y que est\u00e1is tan implicados con <strong>LCC<\/strong> que en realidad ya es vuestra&#8230; Y que hab\u00e9is aceptado su filosof\u00eda y os hab\u00e9is implicado\/ilusionado tanto en el debate que siento que siempre seremos m\u00e1s, muchos m\u00e1s, los que no nos conformemos con dejar las cosas como est\u00e1n\u2026<\/p>\n<p style=\"text-align: justify\">Y eso me ha dado pi\u00e9 a proponeros, a partir de hoy, un contenido m\u00e1s ambicioso y algo mejor estructurado. Sin duda me supondr\u00e1 un notable esfuerzo y una importante dedicaci\u00f3n, pero s\u00e9 que cuento con la ayuda inestimable de todo mi equipo de <strong>GR<\/strong> <em>arquitectos<\/em> \u2026 y con vuestra participaci\u00f3n e implicaci\u00f3n a trav\u00e9s de los cuatro canales que ya utiliz\u00e1is: <span style=\"text-decoration: underline\">lectura<\/span> , <span style=\"text-decoration: underline\">difusi\u00f3n<\/span> de <strong>LCC<\/strong> , <strong>comentarios<\/strong> , y aportaci\u00f3n de <strong>nuevos post<\/strong> (a trav\u00e9s del correo <a href=\"mailto:garciadelosreyes@live.com\">garciadelosreyes@live.com<\/a> ).<\/p>\n<p style=\"text-align: justify\">El nuevo contenido estar\u00e1 estructurado en una serie de bloques que iremos construyendo poco a poco, y cuyo contenido espec\u00edfico ya os iremos explicando tambi\u00e9n poco a poco. A saber:<\/p>\n<p style=\"text-align: justify\"><strong>LA ARQUITECTURA COMPROMETIDA<\/strong><\/p>\n<ul>\n<li>\n<div style=\"text-align: justify\">Reflexiones para la <em>Arquitectura Comprometida<\/em><\/div>\n<\/li>\n<li>\n<div style=\"text-align: justify\">Buenas Pr\u00e1cticas para la <em>Arquitectura Comprometida<\/em><\/div>\n<\/li>\n<li>\n<div style=\"text-align: justify\">Mis proyectos favoritos de <em>Arquitectura Comprometida<\/em><\/div>\n<\/li>\n<\/ul>\n<p style=\"text-align: justify\"><strong>LA CIUDAD COMPROMETIDA<\/strong><\/p>\n<ul>\n<li>\n<div style=\"text-align: justify\">Reflexiones para la <em>Ciudad Comprometida<\/em><\/div>\n<\/li>\n<li>\n<div style=\"text-align: justify\">Buenas Pr\u00e1cticas para la <em>Ciudad Comprometida<\/em><\/div>\n<\/li>\n<li>\n<div style=\"text-align: justify\">Mis proyectos favoritos de <em>Ciudades Comprometidas<\/em><\/div>\n<\/li>\n<\/ul>\n<p style=\"text-align: justify\"><strong>EL TERRITORIO COMPROMETIDO<\/strong><\/p>\n<ul>\n<li>\n<div style=\"text-align: justify\">Reflexiones para los <em>Territorios Comprometidos<\/em><\/div>\n<\/li>\n<li>\n<div style=\"text-align: justify\">Buenas Pr\u00e1cticas para los<em> Territorios Comprometidos<\/em><\/div>\n<\/li>\n<li>\n<div style=\"text-align: justify\">Mis proyectos favoritos de <em>Territorios Comprometidos<\/em><\/div>\n<\/li>\n<\/ul>\n<p style=\"text-align: justify\"><strong>LA SOCIEDAD COMPROMETIDA<\/strong><\/p>\n<ul>\n<li>\n<div style=\"text-align: justify\">Debates Comprometidos: Rese\u00f1as sobre los principales Foros y Congresos<\/div>\n<\/li>\n<li>\n<div style=\"text-align: justify\">Proyectos Solidarios en un mundo comprometido<\/div>\n<\/li>\n<\/ul>\n<p style=\"text-align: justify\"><strong>NOTICIAS Y ACTUALIDAD<\/strong><\/p>\n<p style=\"text-align: justify\">Para finalizar quiero comentaros que, hace apenas unos d\u00edas, le comentaba a un buen amigo que hay tres pilares en los que apoyar la construcci\u00f3n de un mundo comprometido:<\/p>\n<ol>\n<li>\n<div style=\"text-align: justify\">Caminar por ese camino lento, pero imprescindible, de <em>mejorar la formaci\u00f3n de los ciudadanos<\/em> , para que sepan velar por sus derechos y por su realizaci\u00f3n personal, y para que tengan criterio a la hora de tomar decisiones;<\/div>\n<\/li>\n<li>\n<div style=\"text-align: justify\"><em>Mejorar la articulaci\u00f3n de nuestra sociedad<\/em> a trav\u00e9s de una tupida red de asociaciones, colectivos, comunidades, grupos, partidos pol\u00edticos, etc. que adem\u00e1s de reflejar todos los matices de las cosas\u2026\u00a0 garantice un suficiente conocimiento y control social;<\/div>\n<\/li>\n<li>\n<div style=\"text-align: justify\">y, c\u00f3mo no, <em>velar porque las decisiones que afectan a los intereses p\u00fablicos<\/em> , -y todo lo que afecta a nuestros barrios, a nuestras ciudades, a nuestro territorio, al mundo global, est\u00e1 claro que lo es- sean trasparentes y, lo que para el caso es lo mismo, que est\u00e9n bien motivadas.<\/div>\n<\/li>\n<\/ol>\n<p style=\"text-align: justify\">Y en esos tres pilares, en cierto modo, se apoya desde sus inicios este blog de<strong> La Ciudad Comprometida<\/strong> . Por tanto, ese es el camino que os propongo recorrer\u2026 \u00bflo hacemos juntos?<\/p>\n<h2>Noticias y actualidad<\/h2>\n<p class=\"wp-caption-dt\" style=\"text-align: justify\">Con este texto hoy iniciamos una nueva orientaci\u00f3n al bloque tem\u00e1tico que hemos denominado <strong><em>NOTICIAS\u00a0 Y ACTUALIDAD<\/em> <\/strong> y que tendr\u00e1 por objeto que nos informemos unos a otros sobre aquellas noticias, art\u00edculos de opini\u00f3n, reportajes, etc. que salgan publicados en cualquier medio de comunicaci\u00f3n de\u00a0 cualquier lugar, y que sea de inter\u00e9s para nuestro debate sobre la arquitectura, las ciudades y los territorios comprometidos\u2026 As\u00ed pues, ser\u00e1 una manera de tomar el pulso a aquellas noticias positivas o negativas que\u00a0 a juicio vuestro ayuden a enriquecer el debate, y que de otro modo, es posible que pudiesen pasar desapercibidas para la mayor\u00eda de nosotros.\u00a0 <!--more--><\/p>\n<p><a href=\"http:\/\/granadablogs.com\/gr-arquitectos\/files\/2009\/09\/pagina_web_del_nuevo_servicioideal.jpg\"><img loading=\"lazy\" decoding=\"async\" class=\"size-medium wp-image-784\" src=\"http:\/\/granadablogs.com\/gr-arquitectos\/files\/2009\/09\/pagina_web_del_nuevo_servicioideal.jpg\" alt=\"P\u00e1gina web del nuevo servicio de documentaci\u00f3n de La Ciudad Hist\u00f3rica.\/ Archivo Ideal\" width=\"253\" height=\"190\" \/><\/a><\/p>\n<p style=\"text-align: left\">Se trata, por tanto, de <span style=\"text-decoration: underline\">una nueva experiencia en la que interactuaremos los blogueros<\/span> a trav\u00e9s del siguiente procedimiento: <em><strong>\u201cLa Ciudad Comprometida\u201d<\/strong> <\/em> <strong>propondr\u00e1 todas las semanas el t\u00edtulo y el enlace digital a un art\u00edculo de inter\u00e9s<\/strong> , al que vosotros podr\u00e9is a\u00f1adir:<\/p>\n<p style=\"text-align: left\">&#8211;\u00a0bien<em><strong> \u201ccomentarios\u201d (RSS)<\/strong> <\/em> en los que indiqu\u00e9is asimismo el t\u00edtulo y <strong>el enlace digital a otros art\u00edculos de inter\u00e9s, <\/strong><\/p>\n<p style=\"text-align: left\">&#8211;\u00a0o bien\u00a0 simplemente hacer <strong>alguna observaci\u00f3n o valoraci\u00f3n<\/strong> a alguna de las noticias que alguien haya propuesto.<\/p>\n<p style=\"text-align: left\">&#8211;\u00a0Y \u00bfPor qu\u00e9 no? Tambi\u00e9n podr\u00e9is proponer ambas cosas: la noticia con su enlace, y alg\u00fan comentario sobre la misma.<\/p>\n<p style=\"text-align: justify\">As\u00ed pues, ser\u00e1 una manera de tomar el pulso a aquellas noticias positivas o negativas que\u00a0 ayuden a enriquecer el debate a juicio vuestro.<\/p>\n<p><a href=\"http:\/\/granadablogs.com\/gr-arquitectos\/files\/2009\/09\/las_viviendas_de_pitt_estan_fabricadas_con_materiales_reciclados_y_son_a_prueba_de_inundacionesideal.jpg\"><img loading=\"lazy\" decoding=\"async\" class=\"size-full wp-image-785\" src=\"http:\/\/granadablogs.com\/gr-arquitectos\/files\/2009\/09\/las_viviendas_de_pitt_estan_fabricadas_con_materiales_reciclados_y_son_a_prueba_de_inundacionesideal.jpg\" alt=\"Las viviendas de Pitt est\u00e1n fabricadas con materiales reciclados y son a prueba de inundaciones.\/ Archivo Ideal\" width=\"253\" height=\"190\" \/><\/a><\/p>\n<p>&nbsp;<\/p>\n<p><!--more--><\/p>\n<p>&nbsp;<\/p>\n<h3 class=\"entry-title\" style=\"text-align: center\"><a title=\"Permanent Link to HOY SE ME AGOLPAN LOS SENTIMIENTOS\u2026\" href=\"http:\/\/granadablogs.com\/gr-arquitectos\/2014\/07\/14\/hoy-se-me-agolpan-los-sentimientos\/\" rel=\"bookmark\">HOY SE ME AGOLPAN LOS SENTIMIENTOS\u2026<\/a><\/h3>\n<p style=\"text-align: justify\">\u00bfPor qu\u00e9 ser\u00e1 as\u00ed? S\u00e9 que solo son cifras y que nada diferencia al 1.000 del\u00a0 30 o del 5\u2026\u00a0 pero \u00bfPor qu\u00e9 esta coincidencia?<\/p>\n<p style=\"text-align: justify\">Este de hoy es el <strong>articulo n\u00ba 1.000 de los publicados en La <em>Ciudad Comprometida<\/em><\/strong>\u2026 \u00bfY por qu\u00e9 ser\u00e1 que coincide precisamente con otros aniversarios que marcaron de manera decisiva mi vida? \u00a0Porque <strong>hoy \u00a0hace justamente 30 a\u00f1os que soy <em>arquitecto<\/em><\/strong>, cuando me inscrib\u00ed en el COA de Granada, iniciando as\u00ed una andadura\u00a0 profesional sin la que no sabr\u00eda identificarme\u2026\u00a0 y tiene gracia porque soy arquitecto como bien pude ser otras tantas cosas ya que fue una mano oculta y no mi convicci\u00f3n la que hizo que eligiese estos estudios all\u00e1 por 1977\u2026 pero esa es otra historia\u2026 Con este oficio, solo apto para so\u00f1adores, se ha ido moldeando mi car\u00e1cter a medida que iba tomando cuerpo mi convicci\u00f3n de que\u00a0\u00a0 yo, como todos, d\u00eda a d\u00eda, pod\u00eda contribuir a que las cosas cambien a mejor\u2026 \u00a0y mientras os escribo se me eriza la piel al comprobar que, quiz\u00e1s tambi\u00e9n, la estela que dibuj\u00e9 durante estos 30 a\u00f1os pueda servir de gu\u00eda a otros que sientan la necesidad de implicarse de lleno en esa tarea\u2026<\/p>\n<p style=\"text-align: justify\">Y como sab\u00e9is ahora tambi\u00e9n estamos celebrando <strong>el 5\u00ba aniversario de este Blog<\/strong>, sin el cual ya no sabr\u00eda entenderme\u2026\u00a0 porque ha sido a trav\u00e9s de estas p\u00e1ginas virtuales como ha ido aflorando todo el sentido de mi yo, como persona, o como ciudadano o como arquitecto\u2026 para hoy poder visualizar la magnitud que pueden llegar a ser los aportes personales y colectivos en esa tarea tit\u00e1nica pero maravillosa de construir un mundo diferente, m\u00e1s justo, con mayores y mejores oportunidades para todos\u2026 Donde la esencia de lo que ha sido est\u00e9 presente en el moldeado de lo que pueda ser\u2026\u00a0 Por eso para m\u00ed, <strong>La Ciudad Comprometida <\/strong>\u00a0es mucho m\u00e1s que un blog\u2026\u00a0 es un reto,\u00a0 es un af\u00e1n, es un compromiso que ayuda a explicar que cada d\u00eda, aqu\u00ed o all\u00e1, en la red o en vivo, con palabras y sobre todo con los hechos, cada vez somos m\u00e1s los que tenemos claro que no podemos ser s\u00f3lo espectadores en un mundo que cada vez nos gusta menos\u2026<\/p>\n<p style=\"text-align: justify\">Y hoy, que os escribo desde Lima, feliz casualidad tambi\u00e9n, acabamos de empezar el que seguramente puede ser el proyecto de mayor trascendencia de todos los emprendidos hasta ahora por mis equipos de <strong>GR<\/strong><em>arquitectos<\/em> y de <strong><em>D<\/em><\/strong><em>esarrollo de <strong>C<\/strong>iudades <strong>C<\/strong>omprometidas<\/em>, ayudando al estado peruano a diagnosticar y a remodelar las pr\u00e1cticas actuales de hacer ciudad (o anticiudad) que sue\u00f1o que pueda concretarse en una ola de buenas pr\u00e1cticas posteriormente replicadas una y otra vez para la mejora efectiva de la calidad de vida de la gente, de millones de personas para las que sus viviendas, sus barrios, sus ciudades, sus territorio hoy no\u00a0 son en absoluto comprometidos\u2026 en absoluto.<\/p>\n<p style=\"text-align: justify\">Y mientras os escribo, se me agolpan los sentimientos al recordar a aquellos que me han ayudado a crecer personalmente, recordando, no solo a \u00e9l pero sobre todo, a mi padre de qui\u00e9n aprend\u00ed, seguramente sin saberlo entonces y con seguridad sin hab\u00e9rselo dicho nunca, que \u00e9l fue mi punto cero, la esencia de todo, el germen de lo que pienso, de lo que digo, de lo que hago\u2026 y por eso quiero decirle una vez m\u00e1s a trav\u00e9s de las ondas siderales, que sigue vivo en mi memoria, en mi coraz\u00f3n, y que nunca podr\u00e9 olvidar que gracias al ejemplo de vida de personas como \u00e9l, nuestra sociedad, nuestro mundo, en definitiva todos nosotros, podremos ser sin duda mucho mejores.<\/p>\n<p style=\"text-align: justify\">Por eso, hoy, en el<strong> art\u00edculo 1000 de La Ciudad Comprometida<\/strong>, cuando se me agolpan los sentimientos, quiero compartir con todos vosotros algo que escrib\u00ed pensando en mi padre, y en otros buenos ciudadanos como el, \u201cya que la luz de su ejemplo y de su memoria, alumbrar\u00e1 permanentemente a sus familiares, amigos y paisanos. Que los admiran, que los quieren, y que los a\u00f1oran\u2026\u201d<\/p>\n<p><a href=\"http:\/\/granadablogs.com\/gr-arquitectos\/files\/\/2009\/11\/cementerio1.jpg\"><img loading=\"lazy\" decoding=\"async\" class=\"wp-image-1366 size-full alignnone\" src=\"http:\/\/granadablogs.com\/gr-arquitectos\/files\/\/2009\/11\/cementerio1.jpg\" alt=\"La prestigiosa Banda Municipal de M\u00fasica de Guadix no se perdi\u00f3 la cita.\/ Archivo GR\" width=\"448\" height=\"336\" \/><\/a><\/p>\n<p style=\"text-align: justify\"><a href=\"http:\/\/granadablogs.com\/gr-arquitectos\/2009\/11\/09\/un-paseo-por-los-sentimientos\/\" target=\"_blank\">http:\/\/granadablogs.com\/gr-arquitectos\/2009\/11\/09\/un-paseo-por-los-sentimientos\/<\/a><\/p>\n","protected":false},"excerpt":{"rendered":"<p>Acabo de cumplir mi 25\u00ba aniversario como arquitecto y me siento tremendamente afortunado por toda la experiencia que he acumulado durante este periodo, como consecuencia de los numerosos proyectos de arquitectura y de urbanismo en los que he tenido la suerte de intervenir. Con cada uno de ellos he crecido y madurado, pero no solo [&hellip;]<\/p>\n","protected":false},"author":1,"featured_media":0,"parent":0,"menu_order":0,"comment_status":"open","ping_status":"open","template":"","meta":{"footnotes":""},"class_list":["post-2","page","type-page","status-publish","hentry"],"_links":{"self":[{"href":"https:\/\/granadablogs.com\/gr-arquitectos\/wp-json\/wp\/v2\/pages\/2","targetHints":{"allow":["GET"]}}],"collection":[{"href":"https:\/\/granadablogs.com\/gr-arquitectos\/wp-json\/wp\/v2\/pages"}],"about":[{"href":"https:\/\/granadablogs.com\/gr-arquitectos\/wp-json\/wp\/v2\/types\/page"}],"author":[{"embeddable":true,"href":"https:\/\/granadablogs.com\/gr-arquitectos\/wp-json\/wp\/v2\/users\/1"}],"replies":[{"embeddable":true,"href":"https:\/\/granadablogs.com\/gr-arquitectos\/wp-json\/wp\/v2\/comments?post=2"}],"version-history":[{"count":17,"href":"https:\/\/granadablogs.com\/gr-arquitectos\/wp-json\/wp\/v2\/pages\/2\/revisions"}],"predecessor-version":[{"id":12420,"href":"https:\/\/granadablogs.com\/gr-arquitectos\/wp-json\/wp\/v2\/pages\/2\/revisions\/12420"}],"wp:attachment":[{"href":"https:\/\/granadablogs.com\/gr-arquitectos\/wp-json\/wp\/v2\/media?parent=2"}],"curies":[{"name":"wp","href":"https:\/\/api.w.org\/{rel}","templated":true}]}}